{"id":1,"date":"2019-09-05T08:43:56","date_gmt":"2019-09-05T08:43:56","guid":{"rendered":"http:\/\/www.tkt-seancesscolaires.be\/?p=1"},"modified":"2025-09-29T08:40:17","modified_gmt":"2025-09-29T08:40:17","slug":"home","status":"publish","type":"page","link":"https:\/\/seancesscolaires.be\/unmondemerveilleux\/","title":{"rendered":"Home"},"content":{"rendered":"<p><img decoding=\"async\" src=\"\/wp-content\/uploads\/2025\/09\/background-1920x1080_homepage-attente.jpg\" alt=\"\"><\/p>\n<div>\n<div>\n<ul style=\"list-style-type: none;\">\n<li><span style=\"font-family: antonio; font-weight: 600;\">Date de sortie<\/span> : 24\/09\/2025<\/li>\n<li><span style=\"font-family: antonio; font-weight: 600;\">Titre du film : &#8220;Un monde merveilleux&#8221;<\/span><\/li>\n<li><span style=\"font-family: antonio; font-weight: 600;\">Distributeur : <\/span>Brightfish<\/li>\n<li><span style=\"font-family: antonio; font-weight: 600;\">Genre : <\/span>Com\u00e9die\u00a0<\/li>\n<li><span style=\"font-family: antonio; font-weight: 600;\">R\u00e9alisateur : <\/span>Giulio Callegari<\/li>\n<li><span style=\"font-family: antonio; font-weight: 600;\">Acteurs : <\/span>Max &#8211; Blanche Gardin, Robot T-O &#8211; Ang\u00e9lique Flaug\u00e8re, Paula &#8211; Laly Mercier, Robots en tout genre &#8211; Lucie Guien, Samuel &#8211; Edouard Sulpice, Victoria &#8211; Georgia Scalliet<\/li>\n<li><span style=\"font-family: antonio; font-weight: 600;\">Dur\u00e9e : <\/span>78 min<\/li>\n<li><span style=\"font-family: antonio; font-weight: 600;\">Pays : <\/span>France<\/li>\n<li><span style=\"font-family: antonio; font-weight: 600;\">Langues disponibles : <\/span>VF<\/li>\n<\/ul>\n<\/div>\n<\/div>\n<div>\n<h2>Synopsis<\/h2>\n<p>Un monde merveilleux<\/p>\n<div>\n<p>Dans un futur un peu trop proche o\u00f9 les humains d\u00e9pendent des robots, Max, une ancienne prof r\u00e9fractaire \u00e0 la technologie, vivote avec sa fille gr\u00e2ce \u00e0 des petites combines. Elle a un plan : kidnapper un robot dernier cri pour le revendre en pi\u00e8ces d\u00e9tach\u00e9es.<\/p>\n<p>Mais tout d\u00e9rape. Flanqu\u00e9e de ce robot qui l\u2019exasp\u00e8re, elle s\u2019embarque dans une course-poursuite pour retrouver sa fille et prouver qu\u2019il reste un peu d\u2019humanit\u00e9 dans ce monde.<\/p>\n<\/div>\n<\/div>\n<p><video src=\"\/wp-content\/uploads\/2025\/09\/UnMondeMerveilleux-Trailer.mp4\" poster=\"\"><\/video><br \/>\n<img decoding=\"async\" src=\"\/wp-content\/uploads\/line-04.svg\" alt=\"\"><br \/>\n<img decoding=\"async\" src=\"\/wp-content\/uploads\/line-05.svg\" alt=\"\"><\/p>\n<ul>\n<li>\n<h3>R\u00e9servez votre s\u00e9ance scolaire<\/h3>\n<p>Choisissez votre cin\u00e9ma et votre horaire<\/p>\n<p><a href=\"\/seances-scolaires\/\">Je r\u00e9serve<\/a><\/p>\n<\/li>\n<li>\n<h3>Espace Presse<\/h3>\n<p>Dossier, photos, Trailer, &#8230;<\/p>\n<p><a href=\"\/dossier-presse\/\">Je t\u00e9l\u00e9charge<\/a><\/p>\n<\/li>\n<li>\n<h3>Dossier p\u00e9dagogique<\/h3>\n<p>Toutes les infos pour pr\u00e9parer votre s\u00e9ance<\/p>\n<p><a href=\"\/dossier-pedagogique\/\">Je me pr\u00e9pare<\/a><\/p>\n<\/li>\n<li>\n<h3>Liens utiles<\/h3>\n<p>Les num\u00e9ros et adresses utiles<\/p>\n<p><a href=\"\/liens-contacts-utiles\/\">Je m&#8217;informe<\/a><\/p>\n<\/li>\n<\/ul>\n<p><img decoding=\"async\" src=\"\/wp-content\/uploads\/2025\/09\/Robot.png\" alt=\"\"><\/p>\n<p><!--more--><br \/>\n<!-- {\"type\":\"layout\",\"children\":[{\"type\":\"section\",\"props\":{\"image_position\":\"center-center\",\"padding_remove_bottom\":true,\"padding_remove_top\":true,\"style\":\"default\",\"title_breakpoint\":\"xl\",\"title_position\":\"top-left\",\"title_rotation\":\"left\",\"vertical_align\":\"middle\",\"width\":\"\"},\"children\":[{\"type\":\"row\",\"children\":[{\"type\":\"column\",\"props\":{\"image_position\":\"center-center\",\"position_sticky_breakpoint\":\"m\"},\"children\":[{\"type\":\"image\",\"props\":{\"image\":\"wp-content\\\/uploads\\\/2025\\\/09\\\/background-1920x1080_homepage-attente.jpg\",\"image_svg_color\":\"emphasis\",\"margin\":\"default\"}}]}]}],\"name\":\"Affiche\"},{\"type\":\"section\",\"props\":{\"image_position\":\"center-center\",\"padding_remove_bottom\":true,\"padding_remove_top\":true,\"style\":\"default\",\"title_breakpoint\":\"xl\",\"title_position\":\"top-left\",\"title_rotation\":\"left\",\"vertical_align\":\"\",\"width\":\"\"},\"children\":[{\"type\":\"row\",\"props\":{\"column_gap\":\"collapse\",\"layout\":\"1-2,1-2\",\"row_gap\":\"collapse\"},\"children\":[{\"type\":\"column\",\"props\":{\"image\":\"wp-content\\\/uploads\\\/2025\\\/09\\\/unmondemerveilleux_index_infos.png\",\"image_position\":\"center-center\",\"image_size\":\"cover\",\"image_width\":\"1280\",\"padding\":\"xlarge\",\"position_sticky_breakpoint\":\"m\",\"vertical_align\":\"middle\",\"width_medium\":\"1-2\"},\"children\":[{\"type\":\"panel\",\"props\":{\"block_align\":\"center\",\"class\":\"uk-width-xlarge@m\",\"content\":\"\n\n<ul style=\\\"list-style-type: none;\\\">\\n\n\n<li><span style=\\\"font-family: antonio; font-weight: 600;\\\">Date de sortie<\\\/span> : 24\\\/09\\\/2025<\\\/li>\\n\n\n<li><span style=\\\"font-family: antonio; font-weight: 600;\\\">Titre du film : \\\"Un monde merveilleux\\\"<\\\/span><\\\/li>\\n\n\n<li><span style=\\\"font-family: antonio; font-weight: 600;\\\">Distributeur : <\\\/span>Brightfish<\\\/li>\\n\n\n<li><span style=\\\"font-family: antonio; font-weight: 600;\\\">Genre : <\\\/span>Com\\u00e9die\\u00a0<\\\/li>\\n\n\n<li><span style=\\\"font-family: antonio; font-weight: 600;\\\">R\\u00e9alisateur : <\\\/span>Giulio Callegari<\\\/li>\\n\n\n<li><span style=\\\"font-family: antonio; font-weight: 600;\\\">Acteurs : <\\\/span>Max - Blanche Gardin, Robot T-O - Ang\\u00e9lique Flaug\\u00e8re, Paula - Laly Mercier, Robots en tout genre - Lucie Guien, Samuel - Edouard Sulpice, Victoria - Georgia Scalliet<\\\/li>\\n\n\n<li><span style=\\\"font-family: antonio; font-weight: 600;\\\">Dur\\u00e9e : <\\\/span>78 min<\\\/li>\\n\n\n<li><span style=\\\"font-family: antonio; font-weight: 600;\\\">Pays : <\\\/span>France<\\\/li>\\n\n\n<li><span style=\\\"font-family: antonio; font-weight: 600;\\\">Langues disponibles : <\\\/span>VF<\\\/li>\\n<\\\/ul>\",\"content_align\":false,\"content_column_breakpoint\":\"m\",\"css\":\"li{\\nmargin-bottom:15px;\\n}\",\"icon_width\":80,\"image_align\":\"top\",\"image_grid_breakpoint\":\"m\",\"image_grid_width\":\"1-2\",\"image_svg_color\":\"emphasis\",\"link_margin\":\"large\",\"link_style\":\"secondary\",\"link_text\":\"More Information\",\"margin\":\"small\",\"maxwidth\":\"large\",\"meta\":\"\",\"meta_align\":\"above-title\",\"meta_element\":\"div\",\"meta_margin\":\"small\",\"meta_style\":\"h6\",\"panel_padding\":\"large\",\"panel_style\":\"card-primary\",\"text_align\":\"left\",\"title\":\"\",\"title_align\":\"top\",\"title_element\":\"h2\",\"title_grid_breakpoint\":\"m\",\"title_grid_width\":\"1-2\",\"title_hover_style\":\"reset\",\"title_margin\":\"small\",\"title_style\":\"heading-medium\"}}]},{\"type\":\"column\",\"props\":{\"image\":\"wp-content\\\/uploads\\\/home-cta-bg-02.jpg\",\"image_position\":\"center-center\",\"image_size\":\"cover\",\"image_width\":\"1280\",\"padding\":\"xlarge\",\"position_sticky_breakpoint\":\"m\",\"text_color\":\"dark\",\"vertical_align\":\"middle\",\"width_medium\":\"1-2\"},\"children\":[{\"type\":\"panel\",\"props\":{\"block_align\":\"center\",\"content\":\"\n\n<p>Dans un futur un peu trop proche o\\u00f9 les humains d\\u00e9pendent des robots, Max, une ancienne prof r\\u00e9fractaire \\u00e0 la technologie, vivote avec sa fille gr\\u00e2ce \\u00e0 des petites combines. Elle a un plan : kidnapper un robot dernier cri pour le revendre en pi\\u00e8ces d\\u00e9tach\\u00e9es.<\\\/p>\\n\n\n<p>Mais tout d\\u00e9rape. Flanqu\\u00e9e de ce robot qui l\\u2019exasp\\u00e8re, elle s\\u2019embarque dans une course-poursuite pour retrouver sa fille et prouver qu\\u2019il reste un peu d\\u2019humanit\\u00e9 dans ce monde.<\\\/p>\",\"content_column_breakpoint\":\"m\",\"icon_width\":80,\"image_align\":\"top\",\"image_grid_breakpoint\":\"m\",\"image_grid_width\":\"1-2\",\"image_svg_color\":\"emphasis\",\"link_margin\":\"large\",\"link_style\":\"secondary\",\"link_text\":\"More Information\",\"margin\":\"small\",\"maxwidth\":\"large\",\"meta\":\"Un monde merveilleux\",\"meta_align\":\"above-title\",\"meta_element\":\"div\",\"meta_margin\":\"small\",\"meta_style\":\"h6\",\"text_align\":\"center\",\"title\":\"Synopsis\",\"title_align\":\"top\",\"title_element\":\"h2\",\"title_grid_breakpoint\":\"m\",\"title_grid_width\":\"1-2\",\"title_hover_style\":\"reset\",\"title_margin\":\"small\",\"title_style\":\"heading-medium\"}}]}]}],\"name\":\"Infos\"},{\"type\":\"section\",\"props\":{\"image_position\":\"center-center\",\"style\":\"default\",\"title_breakpoint\":\"xl\",\"title_position\":\"top-left\",\"title_rotation\":\"left\",\"vertical_align\":\"middle\",\"width\":\"default\"},\"children\":[{\"type\":\"row\",\"children\":[{\"type\":\"column\",\"props\":{\"image_position\":\"center-center\",\"position_sticky_breakpoint\":\"m\"},\"children\":[{\"type\":\"video\",\"props\":{\"margin\":\"default\",\"video\":\"wp-content\\\/uploads\\\/2025\\\/09\\\/UnMondeMerveilleux-Trailer.mp4\",\"video_controls\":true}}]}]}],\"name\":\"Trailer\"},{\"type\":\"section\",\"props\":{\"class\":\"uk-position-relative\",\"header_transparent\":true,\"header_transparent_noplaceholder\":false,\"header_transparent_text_color\":\"dark\",\"height\":\"viewport\",\"height_offset_top\":true,\"image_position\":\"center-center\",\"overlap\":false,\"padding\":\"xlarge\",\"padding_remove_bottom\":false,\"style\":\"primary\",\"title_breakpoint\":\"xl\",\"title_position\":\"top-left\",\"title_rotation\":\"left\",\"vertical_align\":\"middle\",\"width\":\"\"},\"children\":[{\"type\":\"row\",\"props\":{\"layout\":\"1-2,1-2\",\"margin\":\"remove-vertical\"},\"children\":[{\"type\":\"column\",\"props\":{\"css\":\".el-column > * { position: static; }\",\"image_position\":\"center-center\",\"position_sticky_breakpoint\":\"m\",\"width_medium\":\"1-2\"},\"children\":[{\"type\":\"image\",\"props\":{\"css\":\".el-image { max-width: 40vw; }\",\"image\":\"wp-content\\\/uploads\\\/line-04.svg\",\"image_loading\":true,\"image_svg_animate\":true,\"image_svg_color\":\"emphasis\",\"image_svg_inline\":true,\"image_width\":\"570\",\"margin\":\"default\",\"position\":\"absolute\",\"position_left\":\"0\",\"position_top\":\"0\",\"position_z_index\":\"0\",\"text_align\":\"left\",\"visibility\":\"s\"}}]},{\"type\":\"column\",\"props\":{\"css\":\".el-column > * { position: static; }\",\"image_position\":\"center-center\",\"position_sticky_breakpoint\":\"m\",\"width_medium\":\"1-2\"},\"children\":[{\"type\":\"image\",\"props\":{\"css\":\".el-image { max-width: 30vw; }\",\"image\":\"wp-content\\\/uploads\\\/line-05.svg\",\"image_loading\":true,\"image_svg_animate\":true,\"image_svg_color\":\"emphasis\",\"image_svg_inline\":true,\"image_width\":\"535\",\"margin\":\"default\",\"position\":\"absolute\",\"position_right\":\"0\",\"position_top\":\"0\",\"position_z_index\":\"0\",\"text_align\":\"right\",\"visibility\":\"s\"}}]}]},{\"type\":\"row\",\"props\":{\"layout\":\"2-3,1-3\",\"width\":\"expand\"},\"children\":[{\"type\":\"column\",\"props\":{\"image_position\":\"center-center\",\"position_sticky_breakpoint\":\"m\",\"width_medium\":\"2-3\"},\"children\":[{\"type\":\"grid\",\"props\":{\"content_column_breakpoint\":\"m\",\"filter_align\":\"left\",\"filter_all\":true,\"filter_grid_breakpoint\":\"m\",\"filter_grid_width\":\"auto\",\"filter_position\":\"top\",\"filter_style\":\"tab\",\"grid_column_align\":false,\"grid_default\":\"1\",\"grid_divider\":false,\"grid_medium\":\"2\",\"icon_width\":80,\"image_align\":\"top\",\"image_grid_breakpoint\":\"m\",\"image_grid_width\":\"1-2\",\"image_svg_color\":\"emphasis\",\"item_animation\":true,\"link_style\":\"default\",\"link_text\":\"Read more\",\"margin\":\"default\",\"meta_align\":\"below-title\",\"meta_element\":\"div\",\"meta_style\":\"text-meta\",\"panel_link\":false,\"show_content\":true,\"show_image\":true,\"show_link\":true,\"show_meta\":true,\"show_title\":true,\"title_align\":\"top\",\"title_color\":\"primary\",\"title_element\":\"h3\",\"title_grid_breakpoint\":\"m\",\"title_grid_width\":\"1-2\",\"title_hover_style\":\"reset\"},\"children\":[{\"type\":\"grid_item\",\"props\":{\"link\":\"seances-scolaires\\\/\",\"link_text\":\"Je r\\u00e9serve\",\"meta\":\"Choisissez votre cin\\u00e9ma et votre horaire\",\"title\":\"R\\u00e9servez votre s\\u00e9ance scolaire\"}},{\"type\":\"grid_item\",\"props\":{\"link\":\"dossier-presse\\\/\",\"link_text\":\"Je t\\u00e9l\\u00e9charge\",\"meta\":\"Dossier, photos, Trailer, ...\",\"title\":\"Espace Presse\"}},{\"type\":\"grid_item\",\"props\":{\"link\":\"dossier-pedagogique\\\/\",\"link_text\":\"Je me pr\\u00e9pare\",\"meta\":\"Toutes les infos pour pr\\u00e9parer votre s\\u00e9ance\",\"title\":\"Dossier p\\u00e9dagogique\"}},{\"type\":\"grid_item\",\"props\":{\"link\":\"liens-contacts-utiles\\\/\",\"link_text\":\"Je m'informe\",\"meta\":\"Les num\\u00e9ros et adresses utiles\",\"title\":\"Liens utiles\"}}]}]},{\"type\":\"column\",\"props\":{\"image_position\":\"center-center\",\"position_sticky_breakpoint\":\"m\",\"width_medium\":\"1-3\"}}]},{\"type\":\"row\",\"props\":{\"margin\":\"remove-vertical\",\"width\":\"small\"},\"children\":[{\"type\":\"column\",\"props\":{\"css\":\".el-column > * { position: static; }\",\"image_position\":\"center-center\",\"position_sticky_breakpoint\":\"m\"},\"children\":[{\"type\":\"image\",\"props\":{\"css\":\".el-image { max-width: 54vw; }\\n.el-element { pointer-events: none; }\\n\\n@media (max-width: 1199px) {\\n    .el-element { \\n        right: -80px!important;\\n        text-align: right!important; }\\n}\",\"image\":\"wp-content\\\/uploads\\\/2025\\\/09\\\/Robot.png\",\"image_loading\":true,\"image_svg_color\":\"emphasis\",\"image_width\":780,\"margin\":\"default\",\"position\":\"absolute\",\"position_bottom\":\"-10\",\"position_right\":\"-600\",\"position_z_index\":\"1\",\"text_align\":\"center\",\"visibility\":\"m\"}}]}]}],\"name\":\"Menu secondaire\"}],\"version\":\"4.4.5\"} --><\/p>\n","protected":false},"excerpt":{"rendered":"<p>Date de sortie : 24\/09\/2025 Titre du film : &#8220;Un monde merveilleux&#8221; Distributeur : Brightfish Genre : Com\u00e9die\u00a0 R\u00e9alisateur : Giulio Callegari Acteurs : Max &#8211; Blanche Gardin, Robot T-O &#8211; Ang\u00e9lique Flaug\u00e8re, Paula &#8211; Laly Mercier, Robots en tout genre &#8211; Lucie Guien, Samuel &#8211; Edouard Sulpice, Victoria &#8211; Georgia Scalliet Dur\u00e9e : 78 [&hellip;]<\/p>\n","protected":false},"author":1,"featured_media":0,"parent":0,"menu_order":11,"comment_status":"open","ping_status":"open","template":"","meta":{"_acf_changed":false,"footnotes":""},"class_list":["post-1","page","type-page","status-publish","hentry"],"acf":[],"_links":{"self":[{"href":"https:\/\/seancesscolaires.be\/unmondemerveilleux\/wp-json\/wp\/v2\/pages\/1","targetHints":{"allow":["GET"]}}],"collection":[{"href":"https:\/\/seancesscolaires.be\/unmondemerveilleux\/wp-json\/wp\/v2\/pages"}],"about":[{"href":"https:\/\/seancesscolaires.be\/unmondemerveilleux\/wp-json\/wp\/v2\/types\/page"}],"author":[{"embeddable":true,"href":"https:\/\/seancesscolaires.be\/unmondemerveilleux\/wp-json\/wp\/v2\/users\/1"}],"replies":[{"embeddable":true,"href":"https:\/\/seancesscolaires.be\/unmondemerveilleux\/wp-json\/wp\/v2\/comments?post=1"}],"version-history":[{"count":112,"href":"https:\/\/seancesscolaires.be\/unmondemerveilleux\/wp-json\/wp\/v2\/pages\/1\/revisions"}],"predecessor-version":[{"id":2842,"href":"https:\/\/seancesscolaires.be\/unmondemerveilleux\/wp-json\/wp\/v2\/pages\/1\/revisions\/2842"}],"wp:attachment":[{"href":"https:\/\/seancesscolaires.be\/unmondemerveilleux\/wp-json\/wp\/v2\/media?parent=1"}],"curies":[{"name":"wp","href":"https:\/\/api.w.org\/{rel}","templated":true}]}}